le of 11?
False
Is 117295 a multiple of 12?
False
Is 1861 a multiple of 46?
False
Does 9 divide 414?
True
Is 49 a factor of 1172?
False
Does 164 divide 12136?
True
Is 562 a multiple of 12?
False
Is 36 a factor of 792?
True
Is 42 a factor of 2982?
True
Is 756 a multiple of 21?
True
Is 37 a factor of 895?
False
Does 20 divide 620?
True
Is 22860 a multiple of 45?
True
Is 3353 a multiple of 25?
False
Is 8507 a multiple of 56?
False
Does 11 divide 658?
False
Is 33 a factor of 660?
True
Does 10 divide 1420?
True
Is 382 a multiple of 5?
False
Is 29 a factor of 31748?
False
Is 41 a factor of 12368?
False
Is 1440 a multiple of 8?
True
Does 91 divide 910?
True
Is 2294 a multiple of 62?
True
Is 7 a factor of 1461?
False
Does 3 divide 442?
False
Is 32137 a multiple of 201?
False
Is 888 a multiple of 37?
True
Is 11 a factor of 869?
True
Is 15 a factor of 4193?
False
Is 22 a factor of 114070?
True
Does 68 divide 4352?
True
Does 34 divide 3162?
True
Does 111 divide 12432?
True
Is 3900 a multiple of 50?
True
Is 25 a factor of 107855?
False
Is 9042 a multiple of 137?
True
Is 9045 a multiple of 95?
False
Is 70 a factor of 436?
False
Does 8 divide 3224?
True
Does 43 divide 83420?
True
Does 43 divide 15760?
False
Is 10065 a multiple of 7?
False
Is 51 a factor of 991?
False
Is 12517 a multiple of 69?
False
Does 35 divide 805?
True
Is 444 a multiple of 37?
True
Does 10 divide 6169?
False
Does 62 divide 13702?
True
Is 45 a factor of 549?
False
Is 4060 a multiple of 28?
True
Does 53 divide 1484?
True
Is 3481 a multiple of 120?
False
Does 111 divide 111?
True
Does 43 divide 3103?
False
Is 40 a factor of 5361?
False
Does 55 divide 825?
True
Does 36 divide 57354?
False
Is 20945 a multiple of 51?
False
Does 23 divide 230?
True
Does 11 divide 439?
False
Does 4 divide 191?
False
Is 86 a factor of 23156?
False
Is 3007 a multiple of 95?
False
Is 10740 a multiple of 20?
True
Does 28 divide 62050?
False
Is 781 a multiple of 37?
False
Does 214 divide 44741?
False
Is 864 a multiple of 16?
True
Is 7 a factor of 1442?
True
Does 55 divide 17416?
False
Does 115 divide 11730?
True
Is 125 a factor of 4000?
True
Is 3987 a multiple of 21?
False
Does 72 divide 1643?
False
Does 285 divide 158504?
False
Is 4 a factor of 4980?
True
Is 10 a factor of 33255?
False
Is 69825 a multiple of 57?
True
Is 4 a factor of 1748?
True
Does 103 divide 10785?
False
Is 112 a factor of 9111?
False
Does 64 divide 1103?
False
Is 21 a factor of 1071?
True
Is 1140 a multiple of 3?
True
Does 16 divide 9082?
False
Is 174 a multiple of 2?
True
Does 10 divide 2140?
True
Is 8 a factor of 592?
True
Is 1111 a multiple of 5?
False
Does 3 divide 2133?
True
Is 44 a factor of 3977?
False
Is 6 a factor of 8?
False
Is 423 a multiple of 162?
False
Is 4392 a multiple of 18?
True
Does 11 divide 1188?
True
Is 25 a factor of 209?
False
Is 24 a factor of 551?
False
Does 3 divide 1279?
False
Does 8 divide 5496?
True
Is 24 a factor of 9288?
True
Is 3186 a multiple of 5?
False
Is 290 a multiple of 9?
False
Is 93 a factor of 38582?
False
Is 8 a factor of 1816?
True
Does 75 divide 15825?
True
Is 4 a factor of 1118?
False
Does 30 divide 960?
True
Is 448 a multiple of 16?
True
Is 34 a factor of 2618?
True
Does 68 divide 15980?
True
Is 67 a factor of 6365?
True
Is 31 a factor of 10850?
True
Is 12 a factor of 2311?
False
Is 9 a factor of 207?
True
Does 106 divide 27348?
True
Is 28 a factor of 526?
False
Does 3 divide 197?
False
Does 20 divide 3146?
False
Is 93 a factor of 777?
False
Does 11 divide 31218?
True
Is 18 a factor of 27138?
False
Is 10 a factor of 777?
False
Is 15674 a multiple of 25?
False
Is 17510 a multiple of 59?
False
Is 132 a factor of 33887?
False
Is 254 a factor of 30740?
False
Does 25 divide 8122?
False
Is 2145 a multiple of 30?
False
Is 13 a factor of 2626?
True
Is 12 a factor of 3483?
False
Is 1140 a multiple of 60?
True
Does 4 divide 2049?
False
Is 16 a factor of 2288?
True
Does 2 divide 2555?
False
Is 28340 a multiple of 10?
True
Is 10 a factor of 917?
False
Does 31 divide 16898?
False
Is 49 a factor of 441?
True
Is 5 a factor of 120?
True
Is 9106 a multiple of 190?
False
Is 5 a factor of 12308?
False
Is 304 a multiple of 8?
True
Is 12 a factor of 2385?
False
Is 107 a multiple of 13?
False
Is 571 a multiple of 51?
False
Does 12 divide 24?
True
Is 5 a factor of 1628?
False
Is 13650 a multiple of 39?
True
Is 928 a multiple of 21?
False
Is 16456 a multiple of 17?
True
Is 22 a factor of 814?
True
Does 84 divide 17388?
True
Is 330 a multiple of 6?
True
Does 28 divide 3960?
False
Does 10 divide 554?
False
Does 52 divide 676?
True
Does 50 divide 300?
True
Is 85 a factor of 1105?
True
Is 532 a multiple of 7?
True
Is 19229 a multiple of 41?
True
Is 9310 a multiple of 70?
True
Does 4 divide 250?
False
Is 658 a multiple of 10?
False
Does 15 divide 1320?
True
Is 1079 a multiple of 3?
False
Is 241 a factor of 88891?
False
Is 172 a multiple of 3?
False
Is 6846 a multiple of 14?
True
Is 150 a multiple of 6?
True
Is 92 a multiple of 92?
True
Is 42 a factor of 2436?
True
Does 17 divide 2111?
False
Does 8 divide 9965?
False
Is 29 a factor of 522?
True
Does 5 divide 78?
False
Is 850 a multiple of 17?
True
Does 2 divide 98?
True
Is 10382 a multiple of 4?
False
Does 139 divide 12093?
True
Is 27 a factor of 29697?
False
Is 45146 a multiple of 106?
False
Is 340 a multiple of 3?
False
Is 11 a factor of 2480?
False
Does 12 divide 1200?
True
Does 15 divide 5460?
True
Is 858 even?
True
Is 12 a factor of 289?
False
Is 42 a factor of 1176?
True
Does 173 divide 31486?
True
Is 12 a factor of 94008?
True
Is 39186 a multiple of 14?
True
Is 15 a factor of 16277?
False
Is 1089 a multiple of 11?
True
Is 28 a factor of 1972?
False
Is 20 a factor of 280?
True
Is 9 a factor of 4489?
False
Is 15 a factor of 1089?
False
Is 4862 a multiple of 29?
False
Is 33 a factor of 660?
True
Is 13 a factor of 626?
False
Does 20 divide 1960?
True
Is 7 a factor of 3944?
False
Is 15 a factor of 19529?
False
Is 149 a factor of 31737?
True
Is 8885 a multiple of 14?
False
Is 1580 a multiple of 20?
True
Is 96 a factor of 6367?
False
Is 45 a factor of 225?
True
Does 10 divide 670?
True
Is 64 a factor of 277?
False
Is 59 a factor of 649?
True
Does 18 divide 598?
False
Is 3567 a multiple of 14?
False
Does 63 divide 126?
True
Is 12 a factor of 2592?
True
Is 387 a multiple of 43?
True
Is 726 a multiple of 3?
True
Is 4 a factor of 6757?
False
Is 38971 a multiple of 157?
False
Is 20 a factor of 56272?
False
Is 868 a multiple of 36?
False
Is 53 a factor of 39676?
False
Does 4 divide 463?
False
Is 21 a factor of 72891?
True
Does 11 divide 986?
False
Does 98 divide 4500?
False
Does 61 divide 2623?
True
Is 9010 a multiple of 53?
True
Does 52 divide 1800?
False
Does 263 divide 18340?
False
Is 55859 a multiple of 5?
False
Is 567 a multiple of 9?
True
Does 2 divide 15032?
True
Does 165 divide 70526?
False
Does 17 divide 5953?
False
Is 7 even?
False
Does 2 divide 100?
True
Is 33138 a multiple of 21?
True
Is 68 a multiple of 2?
True
Does 28 divide 3808?
True
Is 11664 a multiple of 9?
True
Does 4 divide 260?
True
Is 13 even?
False
Is 50 a factor of 8450?
True
Is 240 a multiple of 30?
True
Is 432 a multiple of 16?
True
Is 5 a factor of 285?
True
Does 30 divide 4170?
True
Does 9 divide 1395?
True
Is 48 a factor of 8560?
False
Does 10 divide 309?
False
Does 71 divide 20874?
True
Does 29 divide 1427?
False
Is 7772 a multiple of 153?
False
Does 16 divide 53632?
True
Does 8 divide 784?
True
Does 11 divide 4642?
True
Is 11 a factor of 847?
True
Is 57877 a multiple of 14?
False
Is 62 a factor of 434?
True
Does 13 divide 51084?
False
Does 9 divide 2646?
True
Does 14 divide 156?
False
Does 11 divide 635?
False
Does 5 divide 1652?
False
Is 39690 a multiple of 189?
True
Does 6 divide 3582?
True
Is 6118 a multiple of 28?
False
Is 5 a factor of 345?
True
Is 1399 a multiple of 8?
False
Does 87 divide 10962?
True
Is 26 a factor of 3874?
True
Is 5 a factor of 1671?
False
Is 36 a multiple of 6?
True
Is 10152 a multiple of 72?
True
Does 130 divide 27746?
False
Is 2526 a multiple of 6?
True
Does 27 divide 1633?
False
Is 506 a multiple of 23?
True
Does 11 divide 7920?
True
Is 4640 a multiple of 88?
False
Does 189 divide 3536?
False
Does 9 divide 2964?
False
Is 47 a factor of 611?
True
Is 2092 a multiple of 98